y 7.
3
Let w = -26 - -144. Suppose 0 = -3*a - 6, -5*l = 4*a + 198 - 250. What is the remainder when w is divided by l?
10
Let s be 3 + 2 + (0 - 1). Suppose 0*y + 3*c - 5 = 2*y, s*y - 11 = -c. Let l(g) = 5*g**3 - 2*g**2 - 4. What is the remainder when l(y) is divided by 10?
8
Let i(v) = -v**3 + 7*v**2 + 9*v - 5. Let q be i(8). Suppose 0 = -2*n - q*n + 45. Suppose 0*x = 4*x - 136. What is the remainder when x is divided by n?
7
Let c be (-7)/(-3) + (16/(-6))/(-4). Suppose -c*m = 6*m - 135. Let z = 18 + 35. What is the remainder when z is divided by m?
8
Let y be (-1)/(3 - (-7)/(-2)). Suppose -5*h + 596 = 3*r, -y*r + 6*r - 812 = 2*h. What is the remainder when r/4 - 3/(-6) is divided by 13?
12
Let a(l) = -l**3 - 14*l**2 + 7. Let o be a(-14). Suppose -3*p + o*j = 2*j - 158, -100 = -2*p - 2*j. What is the remainder when p is divided by 13?
12
What is the remainder when 24 + 8/1 + 9 is divided by 23?
18
Let r = 224 - 157. Let a(z) = -z**2 - 11*z - 44. Let w be a(-11). Let t = w - -61. What is the remainder when r is divided by t?
16
Suppose -200 = -4*x + 116. Let y = 752 + -711. What is the remainder when x is divided by y?
38
Let x = -299 - -473. What is the remainder when x is divided by 22?
20
Let i = 1210 - 1179. Calculate the remainder when 486 is divided by i.
21
Suppose -54*u - 2280 = -64*u. Calculate the remainder when u is divided by 23.
21
Suppose -3*l = -d - 4376, -4370 = -6*l + 3*l - 2*d. Suppose -206 = -13*r + l. What is the remainder when r is divided by 43?
42
Let p = 1534 + -1487. Let q(s) = s**3 - 7*s**2 + 2*s + 2. What is the remainder when p is divided by q(7)?
15
Let m be (-18 - -18) + 3/(-1). Let t be (1 + m/3)*-1. What is the remainder when 27 is divided by 80/8 - (0 + t)?
7
Let i(q) = 3*q**3 - 2*q**2 + 2*q - 1. Let g be i(1). Suppose -n + c + g = 6, 5*c + 4 = n. Calculate the remainder when 11 is divided by n/(-4)*16/6.
3
Let s = -164 - -166. What is the remainder when 18 is divided by s?
0
Let m be (77/33)/((-3)/9). Let f(y) = -y**3 - 6*y**2 + 3*y - 11. What is the remainder when 100 is divided by f(m)?
15
Calculate the remainder when 64/(-3 + 7) - (-8)/8 is divided by 11.
6
Suppose 0 = -27*r + 28 + 269. What is the remainder when r is divided by 7?
4
Suppose 2*s - 5*c = 3*s - 110, 3*s - c - 346 = 0. Suppose -130 = -7*z - 11. What is the remainder when s is divided by z?
13
Let t = 24 + -8. Let z = t - 11. Suppose -z*f + 27 = -38. Calculate the remainder when 23 is divided by f.
10
Let g(j) = j**3 - j**2 - j + 1. Let l be g(3). Let i = l + -12. Suppose -i*m + 15 = -21. What is the remainder when 24 is divided by m?
6
Let p be ((-54)/(-21))/((-6)/(-28)). Suppose 19 = -p*o + 295. What is the remainder when 206 is divided by o?
22
Let q = -1394 + 1447. Calculate the remainder when 105 is divided by q.
52
Let s = 796 - 714. Calculate the remainder when s is divided by 12.
10
Let r(k) = k**3 + 5*k**2 - 3*k - 11. Let g be r(-6). Let w = 7 - g. What is the remainder when 105 is divided by w?
33
Suppose 5*q = -4*m + 603, -14*m + 19*m - 231 = -2*q. Calculate the remainder when q is divided by 20.
3
Let o(q) = 41*q + 562. What is the remainder when o(-10) is divided by 44?
20
Let j = -42 + 46. Suppose -72 = -j*f - 4. Suppose -10 = -2*n, -4*m + 4*n = -0*n - 16. Calculate the remainder when f is divided by m.
8
Suppose -3*j = 3*m + 3, -j - 8 = -4*m + 8. Suppose -m*n + 9 = -0*n. Calculate the remainder when 5 + (3 - (4 - 2)) is divided by n.
0
Suppose -o + 0 - 5 = -4*m, 5*o + 2*m - 19 = 0. Suppose n = -t + 34, 0 = o*n - 5*n + 3*t + 83. What is the remainder when 109 is divided by n?
35
Let w = -82 - -91. Calculate the remainder when 52 is divided by w.
7
Suppose 71 + 316 = 3*j. Suppose 125*z - 127*z + 52 = 0. Calculate the remainder when j is divided by z.
25
Let q(v) = -v**3 + v**2 + 6*v + 107. What is the remainder when q(0) is divided by 12?
11
Suppose -15*a + 2277 = 18*a. Calculate the remainder when a is divided by ((-15)/4)/(6/(-16)).
9
Suppose -41 = -2*c + g, 6 - 1 = -g. Suppose 0 = -3*s - c - 66. Let x = s - -42. What is the remainder when x is divided by 8?
6
Suppose 0 = g - 0*i - i - 3, i = -3*g + 13. Calculate the remainder when 395/30 + 25/30 is divided by g.
2
Let f(u) = u**3 - 2*u**2 + u + 7. Let l = 3 - -2. What is the remainder when f(2) is divided by l?
4
Let x = 328 + -205. Calculate the remainder when x is divided by 62.
61
What is the remainder when 103 is divided by (3 - -21)/(-6) + 57?
50
Let j = 13 + 99. What is the remainder when j is divided by 23?
20
Let g(d) = -d**2 - 8*d. Let j be g(-10). Calculate the remainder when 53 is divided by ((-105)/j)/(6/16).
11
Suppose 2*b + 20 = -5*j, 4*j = -2*b - 28 + 12. Suppose b = -o, -f - 12 = 2*f - o. Calculate the remainder when 62/f*(-7 + 5) is divided by 17.
14
Let k = -26 - -31. Suppose 5*y - 25 - 28 = c, -5*y - k*c = -35. Suppose -i = y - 41. What is the remainder when 90 is divided by i?
28
Suppose 16 = -0*q + 2*q + 4*f, 5*q - 5*f - 40 = 0. Let o be ((-10)/4)/(5/(-20)). Let n = o + 9. What is the remainder when n is divided by q?
3
Suppose 0 = -s - f - 0*f - 6, 5*s = 5*f - 20. Let v(o) = o**2 + 6*o + 17. Calculate the remainder when 59 is divided by v(s).
11
Let y = 172 - 169. Suppose 3*u - 11 = 4. Suppose 4*t + 0 = y*m - u, 0 = -2*m - 3*t + 26. Calculate the remainder when 12 is divided by m.
5
Calculate the remainder when 193 is divided by ((-108)/(-42))/(6 - (-502)/(-84)).
85
Let v(z) = -33*z - 460. What is the remainder when 173 is divided by v(-15)?
33
Let n = 125 - 104. Calculate the remainder when 7*(15/12)/((-3)/(-12)) is divided by n.
14
Suppose -3*b + 437 = 4*z - 118, 2*z - 271 = 5*b. What is the remainder when z is divided by 35?
33
Let h(m) = -2*m**3 + 3*m**2 + 10*m + 33. Calculate the remainder when h(-4) is divided by 34.
33
Suppose 442*i - 720 = 436*i. What is the remainder when 598 is divided by i?
118
Suppose 0 = 13*y - 181 - 521. What is the remainder when y is divided by 7?
5
Let i = 1237 - 1203. What is the remainder when 72 is divided by i?
4
Let k be (34/2)/((-7)/(-14)). What is the remainder when (0 + -37)/(k - 35) is divided by 14?
9
Calculate the remainder when (-13)/(2730/(-28)) + (-1933)/(-15) is divided by 69.
60
Let t(a) = -a**3 - 3*a**2 + 9. Suppose 9*p - 222 = 147. What is the remainder when t(-6) is divided by p?
35
Calculate the remainder when 4/(-2) - (-48)/3 is divided by (18 - 17) + (-9)/(-3).
2
Suppose 4*j - 3258 = 2*w, -j = -4*w - 480 - 345. What is the remainder when j is divided by 68?
65
Suppose 5*f - 55 + 5 = 0. Let t(w) = -10*w**3 - 3*w**2 - w + 2. Let g be t(-2). Let r = g + -68. What is the remainder when f is divided by r?
2
Let w(p) = 6*p**2 - 1. Let i be (0 + 3)/((-3)/2). Let h = -242 + 255. Calculate the remainder when w(i) is divided by h.
10
Suppose -246 = -z - z. Suppose 5*n - z = -23. What is the remainder when n is divided by 7?
6
Let z(c) = -17*c + 73. What is the remainder when 173 is divided by z(3)?
19
Suppose 5*n = 4*k - 40, 3*k + 2*n = -0*n + 7. Suppose -20 - 15 = -k*f. Calculate the remainder when 32 is divided by f.
4
Let n = -510 - -570. What is the remainder when 294 is divided by n?
54
Suppose -4*m - y + 61 = 0, 0 = 2*m + 3*y - 3 - 30. What is the remainder when 101 is divided by m?
11
Let i be -4 + (17 - 1) + 0. What is the remainder when 27 is divided by 32/i*-3*(-10)/8?
7
Let n(t) = t**3 - 6*t**2 + t - 7. Let w(o) = o - 1. Let v(u) = n(u) + 4*w(u). Calculate the remainder when v(6) is divided by 4.
3
Suppose 5*k - 193 = -2*c, 0*c - 192 = -2*c - 4*k. Calculate the remainder when c is divided by 32.
30
Let y(a) = -a**3 - 2*a**2 + 3*a + 8. Let l be y(-6). What is the remainder when (42/36 + 2/(-3))*l is divided by 17?
16
Suppose 18*o - 36 = 15*o + 3*v, -5*o + 4*v = -60. Calculate the remainder when 503 is divided by o.
11
Suppose 150 = 20*n - 50. What is the remainder when 45 is divided by n?
5
Let x = -15 + 15. Suppose x = -2*y + 6*y + 160. Let a = -24 - y. Calculate the remainder when 78 is divided by a.
14
Let t(f) = 11*f**3 - 4*f + 2. What is the remainder when ((-2)/3)/(4/(-138)) is divided by t(1)?
5
Let s(f) = -5*f. Let h be s(5). Let n be 4/10 + (-68)/20*6. Let k = n - h. What is the remainder when 11 is divided by k?
1
Let s = 6 - -1. Let b(l) = -l**3 + 7*l**2 + 6*l + 19. Suppose 0 = 3*v - 27 